.
862
Calculate the remainder when 8693 is divided by 172.
93
What is the remainder when 20476 is divided by 891?
874
Calculate the remainder when 4918 is divided by 164.
162
Calculate the remainder when 13413 is divided by 928.
421
Calculate the remainder when 32805 is divided by 60.
45
What is the remainder when 47605 is divided by 1918?
1573
Calculate the remainder when 1570 is divided by 561.
448
What is the remainder when 585 is divided by 10?
5
What is the remainder when 522445 is divided by 16?
13
Calculate the remainder when 3068 is divided by 1001.
65
Calculate the remainder when 13937 is divided by 1151.
125
What is the remainder when 111225 is divided by 36?
21
What is the remainder when 14904 is divided by 149?
4
What is the remainder when 133752 is divided by 40?
32
Calculate the remainder when 3538 is divided by 577.
76
Calculate the remainder when 7756 is divided by 2370.
646
Calculate the remainder when 4124 is divided by 24.
20
Calculate the remainder when 4855 is divided by 745.
385
Calculate the remainder when 11589 is divided by 168.
165
What is the remainder when 3018 is divided by 1266?
486
What is the remainder when 602726 is divided by 193?
180
What is the remainder when 232307 is divided by 36?
35
What is the remainder when 51057 is divided by 8491?
111
What is the remainder when 5063 is divided by 468?
383
What is the remainder when 11977 is divided by 99?
97
What is the remainder when 1349 is divided by 432?
53
Calculate the remainder when 30205 is divided by 349.
191
Calculate the remainder when 375 is divided by 5.
0
Calculate the remainder when 11982 is divided by 67.
56
Calculate the remainder when 72477 is divided by 24.
21
What is the remainder when 835827 is divided by 34?
5
What is the remainder when 1728 is divided by 80?
48
Calculate the remainder when 947 is divided by 4.
3
Calculate the remainder when 30192 is divided by 1676.
24
What is the remainder when 303503 is divided by 19?
16
Calculate the remainder when 58766 is divided by 9794.
2
Calculate the remainder when 23916 is divided by 153.
48
What is the remainder when 1199245 is divided by 8?
5
Calculate the remainder when 1645 is divided by 269.
31
Calculate the remainder when 99987 is divided by 6665.
12
What is the remainder when 2669 is divided by 1044?
581
What is the remainder when 31156 is divided by 1148?
160
Calculate the remainder when 25880 is divided by 5176.
0
What is the remainder when 1518 is divided by 137?
11
Calculate the remainder when 217916 is divided by 121.
116
What is the remainder when 37405 is divided by 254?
67
What is the remainder when 7329 is divided by 1059?
975
Calculate the remainder when 179778 is divided by 59910.
48
What is the remainder when 406 is divided by 4?
2
Calculate the remainder when 17531 is divided by 2902.
119
Calculate the remainder when 56916 is divided by 438.
414
What is the remainder when 88023 is divided by 9768?
111
What is the remainder when 872930 is divided by 872928?
2
What is the remainder when 4289 is divided by 4264?
25
What is the remainder when 5620 is divided by 5620?
0
What is the remainder when 161729 is divided by 17?
8
What is the remainder when 478080 is divided by 25162?
2
What is the remainder when 1414 is divided by 337?
66
Calculate the remainder when 56384 is divided by 53.
45
Calculate the remainder when 97825 is divided by 124.
113
What is the remainder when 893359 is divided by 208?
207
What is the remainder when 85829 is divided by 42909?
11
Calculate the remainder when 27792 is divided by 26.
24
Calculate the remainder when 103765 is divided by 1731.
1636
What is the remainder when 89834 is divided by 30?
14
What is the remainder when 25177 is divided by 1498?
1209
Calculate the remainder when 17886 is divided by 84.
78
Calculate the remainder when 5548 is divided by 614.
22
What is the remainder when 2061 is divided by 1971?
90
What is the remainder when 1639742 is divided by 149?
146
Calculate the remainder when 1451 is divided by 172.
75
What is the remainder when 52267 is divided by 156?
7
What is the remainder when 43966 is divided by 1072?
14
Calculate the remainder when 84 is divided by 43.
41
Calculate the remainder when 3470081 is divided by 147.
146
Calculate the remainder when 39267 is divided by 7849.
22
What is the remainder when 827137 is divided by 287?
3
What is the remainder when 29618 is divided by 14702?
214
What is the remainder when 60059 is divided by 420?
419
What is the remainder when 7546 is divided by 1501?
41
Calculate the remainder when 200 is divided by 49.
4
Calculate the remainder when 16430 is divided by 53.
0
Calculate the remainder when 479845 is divided by 5924.
1
Calculate the remainder when 139985 is divided by 433.
126
Calculate the remainder when 213266 is divided by 99.
20
What is the remainder when 1104 is divided by 670?
434
Calculate the remainder when 110110 is divided by 116.
26
What is the remainder when 526702 is divided by 48?
46
What is the remainder when 46559 is divided by 18?
11
Calculate the remainder when 100681 is divided by 116.
109
What is the remainder when 147350 is divided by 79?
15
Calculate the remainder when 2332 is divided by 898.
536
What is the remainder when 2501 is divided by 46?
17
Calculate the remainder when 485891 is divided by 60736.
3
What is the remainder when 443 is divided by 113?
104
What is the remainder when 9938 is divided by 557?
469
What is the remainder when 49791 is divided by 662?
141
Calculate the remainder when 2678 is divided by 144.
86
What is the remainder when 1670 is divided by 556?
2
Calculate the remainder when 375 is divided by 70.
25
What is the remainder when 4362109 is divided by 61?
60
What is the remainder when 162453 is divided by 6?
3
Calculate the remainder when 96806 is divided by 32.
6
What is the remainder when 4143 is divided by 588?
27
Calculate the remainder when 1637 is divided by 85.
22
What is the remainder when 60046 is divided by 53?
50
Calculate the remainder when 13355 is divided by 106.
105
Calculate the remainder when 1134 is divided by 651.
483
Calculate the remainder when 811 is divided by 135.
1
What is the remainder when 8671 is divided by 405?
166
What is the remainder when 11807 is divided by 126?
89
What is the remainder when 889215 is divided by 52?
15
Calculate the remainder when 188445 is divided by 26.
23
Calculate the remainder when 15029 is divided by 916.
373
What is the remainder when 33394 is divided by 856?
10
Calculate the remainder when 554 is divided by 314.
240
What is the remainder when 1290351 is divided by 28?
27
What is the remainder when 753 is divided by 517?
236
Calculate the remainder when 4661 is divided by 389.
382
Calculate the remainder when 1643350 is divided by 769.
766
What is the remainder when 232607 is divided by 32?
31
What is the remainder when 30830 is divided by 84?
2
What is the remainder when 2449881 is divided by 218?
215
Calculate the remainder when 3398 is divided by 983.
449
Calculate the remainder when 56042 is divided by 57.
11
What is the remainder when 12106 is divided by 890?
536
What is the remainder when 25247 is divided by 6299?
51
Calculate the remainder when 3839 is divided by 760.
39
Calculate the remainder when 32256 is divided by 114.
108
What is the remainder when 89878 is divided by 56?
54
What is the remainder when 1261 is divided by 326?
283
What is the remainder when 354003 is divided by 718?
29
Calculate the remainder when 45824 is divided by 45710.
114
What is the remainder when 3310 is divided by 1063?
121
What is the remainder when 107925 is divided by 182?
181
What is the remainder when 179387 is divided by 343?
341
What is the remainder when 16788 is divided by 8381?
26
Calculate the remainder when 78282 is divided by 1186.
6
Calculate the remainder when 31796 is divided by 52.
24
Calculate the remainder when 1260 is divided by 111.
39
What is the remainder when 14372 is divided by 4755?
107
Calculate the remainder when 129172 is divided by 8606.
82
Calculate the remainder when 4510 is divided by 348.
334
What is the remainder when 208535 is divided by 38?
29
Calculate the remainder when 1190 is divided by 176.
134
What is the remainder when 57704 is divided by 418?
20
What is t